{"id":19560,"date":"2023-02-11T09:08:48","date_gmt":"2023-02-11T09:08:48","guid":{"rendered":"https:\/\/centromanwoman.com.pe\/Portal\/?page_id=19560"},"modified":"2023-10-17T19:05:02","modified_gmt":"2023-10-17T19:05:02","slug":"contactenos","status":"publish","type":"page","link":"https:\/\/centromanwoman.com.pe\/Portal\/contactenos\/","title":{"rendered":"Cont\u00e1ctenos"},"content":{"rendered":"<section class=\"wpb-content-wrapper\"><p>[vc_row css=\u00bb.vc_custom_1669657380599{padding-top: 30px !important;padding-bottom: 60px !important;}\u00bb][vc_column]<div id=\"1560487136965-bd152bd2-6fd8\" class=\"dt-sc-empty-space\"><\/div><div class='dt-sc-title script-with-sub-title  aligncenter alter' data-delay='0'><h6 class='dt-sc-main-heading'>Atenci\u00f3n al Cliente<\/h6><h2 class='dt-sc-sub-heading'>Informaci\u00f3n de Contacto<\/h2><\/div><div id=\"1560485727949-3cb76a36-bc01\" class=\"dt-sc-empty-space\"><\/div>[vc_row_inner][vc_column_inner el_class=\u00bbrs_col-sm-6&#8243; width=\u00bb1\/3&#8243;][vc_single_image image=\u00bb21633&#8243; img_size=\u00bbfull\u00bb alignment=\u00bbcenter\u00bb][vc_custom_heading text=\u00bbNuestras Instalaciones\u00bb font_container=\u00bbtag:h5|text_align:center\u00bb use_theme_fonts=\u00bbyes\u00bb el_class=\u00bbuppercase\u00bb]<div id=\"1560486376298-f37442dd-6aa7\" class=\"dt-sc-empty-space\"><\/div><div class='dt-sc-contact-info   ' data-delay='0'><span class='fas fa-map-marker-alt'> <\/span>Av. Elmer Faucett 474 &#8211; 8\u00ba Piso<br>\nSan Miguel &#8211; Lima (Per\u00fa)<\/div><div id=\"1560852031443-c34e4424-824d\" class=\"dt-sc-empty-space\"><\/div>[\/vc_column_inner][vc_column_inner el_class=\u00bbrs_col-sm-6&#8243; width=\u00bb1\/3&#8243;][vc_single_image image=\u00bb21635&#8243; img_size=\u00bbfull\u00bb alignment=\u00bbcenter\u00bb][vc_custom_heading text=\u00bbN\u00fameros Telef\u00f3nicos\u00bb font_container=\u00bbtag:h5|text_align:center\u00bb use_theme_fonts=\u00bbyes\u00bb el_class=\u00bbuppercase\u00bb]<div id=\"1560486376298-f37442dd-6aa7\" class=\"dt-sc-empty-space\"><\/div><div class='dt-sc-contact-info   ' data-delay='0'><span class='fas fa-phone fa-rotate-90'> <\/span>(+51) 990 251 835<br>\n(+51) 977 977 077<\/div><div id=\"1560852041213-f6abe303-bde5\" class=\"dt-sc-empty-space\"><\/div>[\/vc_column_inner][vc_column_inner el_class=\u00bbrs_col-sm-6&#8243; width=\u00bb1\/3&#8243;][vc_single_image image=\u00bb21632&#8243; img_size=\u00bbfull\u00bb alignment=\u00bbcenter\u00bb][vc_custom_heading text=\u00bbCorreos Electr\u00f3nicos\u00bb font_container=\u00bbtag:h5|text_align:center\u00bb use_theme_fonts=\u00bbyes\u00bb el_class=\u00bbuppercase\u00bb]<div id=\"1560486376298-f37442dd-6aa7\" class=\"dt-sc-empty-space\"><\/div><div class='dt-sc-contact-info   ' data-delay='0'><span class='fas fa-envelope'> <\/span><a href=\"mailto:info@centroterapeuticomanwoman.com.pe\">info@centroterapeuticomanwoman.com.pe<\/a>\n<a href=\"mailto:yadira@centroterapeuticomanwoman.com.pe\">yadira@centroterapeuticomanwoman.com.pe<\/a><\/div><div id=\"1669658012385-e2e70dad-d3f5\" class=\"dt-sc-empty-space\"><\/div>[\/vc_column_inner][\/vc_row_inner]<div id=\"1560487130069-e038bde9-1391\" class=\"dt-sc-empty-space\"><\/div>[\/vc_column][\/vc_row][vc_row full_width=\u00bbstretch_row\u00bb equal_height=\u00bbyes\u00bb content_placement=\u00bbmiddle\u00bb][vc_column width=\u00bb5\/12&#8243; el_class=\u00bbdt-skin-primary-bg extend-bg-fullwidth-left custom-image-column-overlap-bg\u00bb css=\u00bb.vc_custom_1697568861828{padding-top: 60px !important;background-color: #163576 !important;}\u00bb]<div id=\"1560254298116-22cca5f0-9ed6\" class=\"dt-sc-empty-space\"><\/div>[vc_single_image image=\u00bb21488&#8243; img_size=\u00bbfull\u00bb el_class=\u00bbcustom-image-column-overlap\u00bb]<div id=\"1560254286965-0db752d3-d1fc\" class=\"dt-sc-empty-space\"><\/div>[\/vc_column][vc_column width=\u00bb7\/12&#8243; css=\u00bb.vc_custom_1560255738491{padding-top: 60px !important;padding-bottom: 50px !important;background-color: #f4f4f4 !important;}\u00bb el_class=\u00bbextend-bg-fullwidth-right custom-half-column-overlap\u00bb]<div id=\"1560254337436-91a978d4-51f6\" class=\"dt-sc-empty-space\"><\/div>[vc_custom_heading text=\u00bbReservar su Cita Ahora\u00bb font_container=\u00bbtag:h3|text_align:left\u00bb use_theme_fonts=\u00bbyes\u00bb][vc_custom_heading text=\u00bbPara programar una cita, llame a nuestro telef\u00f3nos de contacto de nuestro centro. Para obtener informaci\u00f3n general, complete el formulario a continuaci\u00f3n y ser\u00e1 dirigido a la persona adecuada dentro de nuestro centro para que lo pueda atender.\u00bb font_container=\u00bbtag:p|text_align:left\u00bb use_theme_fonts=\u00bbyes\u00bb][vc_custom_heading text=\u00bbDeseamos que sea la persona m\u00e1s feliz y saludable, por tanto nuestros especialistas lo ayudar\u00e1n de forma eficiente y adecuada con su problema o mal. Esperamos con inter\u00e9s escuchar de usted.\u00bb font_container=\u00bbtag:p|text_align:left\u00bb use_theme_fonts=\u00bbyes\u00bb][vc_custom_heading text=\u00bb\u00a1Cont\u00e1ctenos para programar su tratamiento hoy!\u00bb font_container=\u00bbtag:h6|font_size:16px|text_align:left\u00bb use_theme_fonts=\u00bbyes\u00bb link=\u00bburl:%23|||\u00bb el_class=\u00bbdt-sc-skin-color\u00bb]<div id=\"1560936937015-b62f9d36-3521\" class=\"dt-sc-empty-space\"><\/div><a href='#cita' target='_self' title='' class='dt-sc-button   medium icon-right with-icon  bordered  type2' data-delay='0' > Programar Ahora <span class='fas fa-angle-right'> <\/span><\/a><div id=\"1560254357445-c0626457-a08b\" class=\"dt-sc-empty-space\"><\/div>[\/vc_column][\/vc_row][vc_row css=\u00bb.vc_custom_1669662385380{padding-top: 35px !important;padding-bottom: 60px !important;}\u00bb el_id=\u00bbcita\u00bb][vc_column]<div id=\"1669657333299-3c813503-e073\" class=\"dt-sc-empty-space\"><\/div><div class='dt-sc-title script-with-sub-title  aligncenter' data-delay='0'><h6 class='dt-sc-main-heading'><\/h6><h2 class='dt-sc-sub-heading'>Formulario de Contacto<\/h2><\/div><div id=\"1560253096885-017a4f02-9e33\" class=\"dt-sc-empty-space\"><\/div>[vc_column_text addstyles=\u00bbtext-align: center;\u00bb]Complete los datos solicitados para que nuestro personal lo pueda atender<br>lo m\u00e1s pronto posible y coordinen adecuadamente su cita[\/vc_column_text]<div id=\"1560253148615-c244025c-2f79\" class=\"dt-sc-empty-space\"><\/div>\n<div class=\"wpcf7 no-js\" id=\"wpcf7-f18178-o1\" lang=\"en-US\" dir=\"ltr\">\n<div class=\"screen-reader-response\"><p role=\"status\" aria-live=\"polite\" aria-atomic=\"true\"><\/p> <ul><\/ul><\/div>\n<form action=\"\/Portal\/wp-json\/wp\/v2\/pages\/19560#wpcf7-f18178-o1\" method=\"post\" class=\"wpcf7-form init custom_contact_form\" aria-label=\"Contact form\" novalidate=\"novalidate\" data-status=\"init\">\n<div style=\"display: none;\">\n<input type=\"hidden\" name=\"_wpcf7\" value=\"18178\" \/>\n<input type=\"hidden\" name=\"_wpcf7_version\" value=\"5.8.4\" \/>\n<input type=\"hidden\" name=\"_wpcf7_locale\" value=\"en_US\" \/>\n<input type=\"hidden\" name=\"_wpcf7_unit_tag\" value=\"wpcf7-f18178-o1\" \/>\n<input type=\"hidden\" name=\"_wpcf7_container_post\" value=\"0\" \/>\n<input type=\"hidden\" name=\"_wpcf7_posted_data_hash\" value=\"\" \/>\n<\/div>\n<div class=\"column dt-sc-one-half first\">\n\t<p><strong>Nombres Completos:<\/strong><br \/>\n<span class=\"wpcf7-form-control-wrap\" data-name=\"nombres\"><input size=\"40\" class=\"wpcf7-form-control wpcf7-text wpcf7-validates-as-required\" aria-required=\"true\" aria-invalid=\"false\" value=\"\" type=\"text\" name=\"nombres\" \/><\/span>\n\t<\/p>\n<\/div>\n<div class=\"column dt-sc-one-half\">\n\t<p><strong>Correo Electr\u00f3nico:<\/strong><br \/>\n<span class=\"wpcf7-form-control-wrap\" data-name=\"correo\"><input size=\"40\" class=\"wpcf7-form-control wpcf7-email wpcf7-validates-as-required wpcf7-text wpcf7-validates-as-email\" aria-required=\"true\" aria-invalid=\"false\" value=\"\" type=\"email\" name=\"correo\" \/><\/span>\n\t<\/p>\n<\/div>\n<div class=\"column dt-sc-one-half first\">\n\t<p><strong>N\u00famero Telef\u00f3nico:<\/strong><br \/>\n<span class=\"wpcf7-form-control-wrap\" data-name=\"telefono\"><input size=\"40\" class=\"wpcf7-form-control wpcf7-tel wpcf7-validates-as-required wpcf7-text wpcf7-validates-as-tel\" aria-required=\"true\" aria-invalid=\"false\" placeholder=\"N\u00famero Telef\u00f3nico\" value=\"\" type=\"tel\" name=\"telefono\" \/><\/span>\n\t<\/p>\n<\/div>\n<div class=\"column dt-sc-one-half\">\n\t<p><strong>Selecciona tu Servicio:<\/strong><br \/>\n<span class=\"wpcf7-form-control-wrap\" data-name=\"servicio\"><select class=\"wpcf7-form-control wpcf7-select\" aria-invalid=\"false\" name=\"servicio\"><option value=\"Fisioterapia\">Fisioterapia<\/option><option value=\"Rehabilitaci\u00f3n\">Rehabilitaci\u00f3n<\/option><option value=\"Quiropraxia\">Quiropraxia<\/option><\/select><\/span>\n\t<\/p>\n<\/div>\n<div class=\"column dt-sc-one-half first\">\n\t<p><strong>Selecciona la Fecha de la Cita:<\/strong><br \/>\n<span class=\"wpcf7-form-control-wrap\" data-name=\"fecha\"><input size=\"40\" class=\"wpcf7-form-control wpcf7-text wpcf7-validates-as-required walcf7-datepicker\" aria-required=\"true\" aria-invalid=\"false\" value=\"\" type=\"text\" name=\"fecha\" \/><\/span>\n\t<\/p>\n<\/div>\n<div class=\"column dt-sc-one-half\">\n\t<p><strong>Selecciona la Hora de la Cita:<\/strong><br \/>\n<span class=\"wpcf7-form-control-wrap\" data-name=\"hora\"><input size=\"40\" class=\"wpcf7-form-control wpcf7-text wpcf7-validates-as-required walcf7-timepicker\" aria-required=\"true\" aria-invalid=\"false\" placeholder=\"\" value=\"\" type=\"text\" name=\"hora\" \/><\/span>\n\t<\/p>\n<\/div>\n<p><strong>Ingrese sus Comentarios:<\/strong><br \/>\n<span class=\"wpcf7-form-control-wrap\" data-name=\"mensaje\"><textarea cols=\"40\" rows=\"10\" class=\"wpcf7-form-control wpcf7-textarea\" aria-invalid=\"false\" name=\"mensaje\"><\/textarea><\/span>\n<\/p>\n<div class=\"dt-sc-hr-invisible-medium\">\n<\/div>\n<p class=\"aligncenter\"><span><input class=\"wpcf7-form-control wpcf7-submit has-spinner\" type=\"submit\" value=\"Enviar Ahora\" \/><\/span>\n<\/p><div class=\"wpcf7-response-output\" aria-hidden=\"true\"><\/div>\n<\/form>\n<\/div>\n<div id=\"1560499167858-2ff6f451-7e79\" class=\"dt-sc-empty-space\"><\/div>[\/vc_column][\/vc_row]<\/p>\n<\/section>","protected":false},"excerpt":{"rendered":"<p>[vc_row css=\u00bb.vc_custom_1669657380599{padding-top: 30px !important;padding-bottom: 60px !important;}\u00bb][vc_column][vc_row_inner][vc_column_inner el_class=\u00bbrs_col-sm-6&#8243; width=\u00bb1\/3&#8243;][vc_single_image image=\u00bb21633&#8243; img_size=\u00bbfull\u00bb alignment=\u00bbcenter\u00bb][vc_custom_heading text=\u00bbNuestras Instalaciones\u00bb font_container=\u00bbtag:h5|text_align:center\u00bb use_theme_fonts=\u00bbyes\u00bb el_class=\u00bbuppercase\u00bb][\/vc_column_inner][vc_column_inner el_class=\u00bbrs_col-sm-6&#8243; width=\u00bb1\/3&#8243;][vc_single_image image=\u00bb21635&#8243; img_size=\u00bbfull\u00bb alignment=\u00bbcenter\u00bb][vc_custom_heading text=\u00bbN\u00fameros Telef\u00f3nicos\u00bb font_container=\u00bbtag:h5|text_align:center\u00bb use_theme_fonts=\u00bbyes\u00bb el_class=\u00bbuppercase\u00bb][\/vc_column_inner][vc_column_inner el_class=\u00bbrs_col-sm-6&#8243; width=\u00bb1\/3&#8243;][vc_single_image image=\u00bb21632&#8243; img_size=\u00bbfull\u00bb alignment=\u00bbcenter\u00bb][vc_custom_heading text=\u00bbCorreos Electr\u00f3nicos\u00bb font_container=\u00bbtag:h5|text_align:center\u00bb use_theme_fonts=\u00bbyes\u00bb el_class=\u00bbuppercase\u00bb][\/vc_column_inner][\/vc_row_inner][\/vc_column][\/vc_row][vc_row full_width=\u00bbstretch_row\u00bb equal_height=\u00bbyes\u00bb content_placement=\u00bbmiddle\u00bb][vc_column width=\u00bb5\/12&#8243; el_class=\u00bbdt-skin-primary-bg extend-bg-fullwidth-left custom-image-column-overlap-bg\u00bb css=\u00bb.vc_custom_1697568861828{padding-top: 60px !important;background-color: #163576 !important;}\u00bb][vc_single_image image=\u00bb21488&#8243; img_size=\u00bbfull\u00bb el_class=\u00bbcustom-image-column-overlap\u00bb][\/vc_column][vc_column width=\u00bb7\/12&#8243; css=\u00bb.vc_custom_1560255738491{padding-top: 60px !important;padding-bottom: [&hellip;]<\/p>\n","protected":false},"author":1,"featured_media":0,"parent":0,"menu_order":0,"comment_status":"closed","ping_status":"closed","template":"","meta":{"footnotes":""},"_links":{"self":[{"href":"https:\/\/centromanwoman.com.pe\/Portal\/wp-json\/wp\/v2\/pages\/19560"}],"collection":[{"href":"https:\/\/centromanwoman.com.pe\/Portal\/wp-json\/wp\/v2\/pages"}],"about":[{"href":"https:\/\/centromanwoman.com.pe\/Portal\/wp-json\/wp\/v2\/types\/page"}],"author":[{"embeddable":true,"href":"https:\/\/centromanwoman.com.pe\/Portal\/wp-json\/wp\/v2\/users\/1"}],"replies":[{"embeddable":true,"href":"https:\/\/centromanwoman.com.pe\/Portal\/wp-json\/wp\/v2\/comments?post=19560"}],"version-history":[{"count":30,"href":"https:\/\/centromanwoman.com.pe\/Portal\/wp-json\/wp\/v2\/pages\/19560\/revisions"}],"predecessor-version":[{"id":21636,"href":"https:\/\/centromanwoman.com.pe\/Portal\/wp-json\/wp\/v2\/pages\/19560\/revisions\/21636"}],"wp:attachment":[{"href":"https:\/\/centromanwoman.com.pe\/Portal\/wp-json\/wp\/v2\/media?parent=19560"}],"curies":[{"name":"wp","href":"https:\/\/api.w.org\/{rel}","templated":true}]}}